by 13.
12
Calculate the remainder when 54292 is divided by 53704.
588
What is the remainder when 393652 is divided by 195999?
1654
What is the remainder when 1205438 is divided by 92726?
0
What is the remainder when 314897 is divided by 2441?
8
What is the remainder when 31726123 is divided by 88128?
43
What is the remainder when 6619511 is divided by 101838?
41
Calculate the remainder when 15111620 is divided by 1007438.
50
What is the remainder when 49352 is divided by 2301?
1031
Calculate the remainder when 31594 is divided by 7863.
142
Calculate the remainder when 4241570 is divided by 19.
10
Calculate the remainder when 2880698 is divided by 1748.
1742
What is the remainder when 413732 is divided by 9403?
0
What is the remainder when 31553 is divided by 735?
683
Calculate the remainder when 303911 is divided by 469.
468
Calculate the remainder when 33837 is divided by 588.
321
What is the remainder when 517720 is divided by 1204?
0
What is the remainder when 7351153 is divided by 408397?
7
Calculate the remainder when 2990142 is divided by 2498.
36
Calculate the remainder when 1728949 is divided by 18.
13
What is the remainder when 817468 is divided by 1965?
28
Calculate the remainder when 5911482 is divided by 481.
473
What is the remainder when 649250 is divided by 236?
14
Calculate the remainder when 9572 is divided by 8589.
983
What is the remainder when 174042 is divided by 475?
192
Calculate the remainder when 144775 is divided by 9044.
71
What is the remainder when 10000876 is divided by 25909?
2
Calculate the remainder when 5671772 is divided by 1082.
1010
Calculate the remainder when 237004 is divided by 736.
12
What is the remainder when 1728598 is divided by 2421?
4
Calculate the remainder when 821760 is divided by 1109.
1100
What is the remainder when 3372728 is divided by 481804?
100
Calculate the remainder when 10035 is divided by 2594.
2253
Calculate the remainder when 12473653 is divided by 173245.
13
Calculate the remainder when 155999 is divided by 1561.
1460
What is the remainder when 104935 is divided by 17460?
175
Calculate the remainder when 47136685 is divided by 39.
37
Calculate the remainder when 421525 is divided by 1748.
257
What is the remainder when 101878116 is divided by 233?
31
What is the remainder when 5824 is divided by 881?
538
What is the remainder when 275356 is divided by 275196?
160
What is the remainder when 7342487 is divided by 1048916?
75
What is the remainder when 1349971 is divided by 8438?
8329
What is the remainder when 302462 is divided by 6127?
2239
What is the remainder when 9288 is divided by 4454?
380
Calculate the remainder when 111415 is divided by 7919.
549
Calculate the remainder when 20578 is divided by 3944.
858
What is the remainder when 1916193 is divided by 110?
103
Calculate the remainder when 861688 is divided by 10771.
8
Calculate the remainder when 35384513 is divided by 42.
17
What is the remainder when 93463 is divided by 1171?
954
What is the remainder when 20913 is divided by 20892?
21
What is the remainder when 402417 is divided by 11?
4
What is the remainder when 2270966 is divided by 24?
14
Calculate the remainder when 18437 is divided by 2289.
125
Calculate the remainder when 48929 is divided by 9782.
19
What is the remainder when 16009386 is divided by 2155?
2046
What is the remainder when 697523 is divided by 714?
659
Calculate the remainder when 61684741 is divided by 17549.
6
Calculate the remainder when 45016563 is divided by 2255.
2253
Calculate the remainder when 376489 is divided by 411.
13
Calculate the remainder when 4589162 is divided by 23413.
214
What is the remainder when 23159912 is divided by 41?
37
What is the remainder when 258709 is divided by 55?
44
What is the remainder when 2530460 is divided by 133181?
21
What is the remainder when 171318 is divided by 17?
9
Calculate the remainder when 1341175 is divided by 335289.
19
Calculate the remainder when 6876248 is divided by 2292081.
5
Calculate the remainder when 19082271 is divided by 1363019.
5
Calculate the remainder when 117920 is divided by 2000.
1920
Calculate the remainder when 340069 is divided by 10627.
5
What is the remainder when 2267913 is divided by 8722?
193
Calculate the remainder when 52075 is divided by 256.
107
What is the remainder when 244847 is divided by 382?
367
What is the remainder when 73856 is divided by 14634?
686
Calculate the remainder when 101029 is divided by 1767.
310
What is the remainder when 19323720 is divided by 478?
92
Calculate the remainder when 1942973993 is divided by 613.
611
What is the remainder when 1492638062 is divided by 823?
820
Calculate the remainder when 6858388 is divided by 762043.
1
Calculate the remainder when 8696862 is divided by 32.
30
Calculate the remainder when 506028 is divided by 983.
766
Calculate the remainder when 324851 is divided by 324841.
10
What is the remainder when 8081204 is divided by 326?
316
What is the remainder when 181401690 is divided by 3698?
3696
What is the remainder when 125338263 is divided by 8?
7
Calculate the remainder when 29297 is divided by 1270.
87
What is the remainder when 2255023 is divided by 22325?
198
Calculate the remainder when 520468 is divided by 3542.
3336
Calculate the remainder when 39131 is divided by 3001.
118
What is the remainder when 6295 is divided by 379?
231
Calculate the remainder when 34527393 is divided by 44609.
27
What is the remainder when 5886653 is divided by 1216?
1213
What is the remainder when 152626 is divided by 18?
4
Calculate the remainder when 134982 is divided by 4218.
6
Calculate the remainder when 5253366 is divided by 69123.
18
Calculate the remainder when 113329 is divided by 18.
1
What is the remainder when 3522559 is divided by 5180?
159
What is the remainder when 986582 is divided by 4860?
2
Calculate the remainder when 23207937 is divided by 5705.
5702
Calculate the remainder when 714694 is divided by 733.
19
What is the remainder when 4931849 is divided by 956?
801
What is the remainder when 4986376 is divided by 164?
120
Calculate the remainder when 7700612 is divided by 12.
8
Calculate the remainder when 39161 is divided by 2191.
1914
Calculate the remainder when 2962684 is divided by 694.
692
Calculate the remainder when 252708 is divided by 92.
76
What is the remainder when 2371640 is divided by 155?
140
What is the remainder when 38668239 is divided by 77?
71
Calculate the remainder when 185704255 is divided by 7378.
7373
What is the remainder when 58542271 is divided by 147834?
7
What is the remainder when 145148 is divided by 2000?
1148
What is the remainder when 2285116 is divided by 8?
4
What is the remainder when 2201691 is divided by 17200?
91
What is the remainder when 172330 is divided by 2015?
1055
Calculate the remainder when 70897 is divided by 34743.
1411
Calculate the remainder when 19838 is divided by 9864.
110
Calculate the remainder when 8600341 is divided by 2661.
2650
What is the remainder when 8926 is divided by 2021?
842
Calculate the remainder when 24018283 is divided by 201.
190
What is the remainder when 6048431 is divided by 86?
51
Calculate the remainder when 228444 is divided by 350.
244
What is the remainder when 179711546 is divided by 87?
83
Calculate the remainder when 414716 is divided by 13.
3
What is the remainder when 73153 is divided by 18283?
21
Calculate the remainder when 8872131 is divided by 1788.
75
What is the remainder when 288530 is divided by 41215?
25
What is the remainder when 40908 is divided by 1000?
908
Calculate the remainder when 1229721 is divided by 29279.
3
Calculate the remainder when 2148368 is divided by 55086.
14
What is the remainder when 1205200 is divided by 524?
0
Calculate the remainder when 314090943 is divided by 1989.
1986
What is the remainder when 323550 is divided by 258?
18
Calculate the remainder when 984847 is divided by 8346.
19
What is the remainder when 81837326 is divided by 27279101?
23
What is the remainder when 6072396 is divided by 136?
132
What is the remainder when 7236 is divided by 784?
180
Calculate the remainder when 3827523 is divided by 89.
78
What is the remainder when 5558236 is divided by 1852735?
31
Calculate the remainder when 142356175 is divided by 21.
1